j**2 - 9*j. Let w(b) = 2*b**2 - 17*b + 1. Let a(p) = -7*l(p) + 4*w(p). Let s be a(6). Suppose -4*o + 2 = -s. What are the prime factors of o?
3
Let c = -53 + 109. Suppose 2*a - c + 0 = 0. List the prime factors of a.
2, 7
Let z(b) = 30*b - 2. List the prime factors of z(3).
2, 11
Let n(z) = -3*z + 2. Let j be n(-1). What are the prime factors of j + 3 + -1*4?
2
List the prime factors of (368/(-40))/(2/(-10)).
2, 23
Let y = -95 - -53. What are the prime factors of (24/(-18))/(4/y)?
2, 7
Let s = 241 + -69. List the prime factors of s.
2, 43
Suppose 0*o + 81 = o + 5*w, -3*o + 2*w = -158. Let v be 8/12 - o/3. What are the prime factors of v*(-4 + 2 + 1)?
2, 3
Suppose 3*r + r - 180 = -5*g, 4*g = r + 123. What are the prime factors of g?
2
Let a(m) = m**2 + 11*m + 15. Let n be a(-11). Suppose 2*s - w - 28 = 0, 4*s - 3*s - w - n = 0. List the prime factors of s.
13
Suppose c - 23 = -3*z + 4, -63 = -5*c + 3*z. What are the prime factors of c?
3, 5
Let o(s) = s. Let x be o(-3). List the prime factors of 3*(-1)/(x/5).
5
Suppose 3*r - 1 - 3 = p, -5*r + 20 = 5*p. Suppose -12 = -p*d + 4*t, 4*t + 2 = -6. What are the prime factors of d + 2/2 + 0?
3
Let q(m) = 3*m**2 - 2*m - 3. List the prime factors of q(3).
2, 3
Let s(b) = -b**2 - 13*b - 14. Let v be s(-11). Let d = 25 - v. What are the prime factors of d?
17
Suppose -6*d + 1079 = 443. What are the prime factors of d?
2, 53
Suppose -3*y + y = -8, 4*g = -5*y + 676. What are the prime factors of g?
2, 41
List the prime factors of -1 + 18*(-4)/(-3) + 3.
2, 13
Let j = -5 + 3. List the prime factors of ((-22)/6)/(j/6).
11
Let g = 9 - 4. Let a = g - 3. Suppose -j - c + 20 = j, 0 = -2*j + a*c + 20. List the prime factors of j.
2, 5
List the prime factors of (14/4)/7*(0 + 194).
97
List the prime factors of (-5)/((-15)/48) + 3.
19
What are the prime factors of (-12)/(-4) + -2 - 32*-3?
97
Let n(y) = -y**3 + 7*y**2 - 7*y. Let i be n(6). Let o = i + 11. Suppose x - 3*v - 15 = 0, -o*x = 2*v - 3 - 4. What are the prime factors of x?
3
Let u(w) = w + 1. Let v be u(-1). Suppose q + 0*q - 12 = v. What are the prime factors of q?
2, 3
Let p be (-1*6)/((-6)/4). Suppose -u + 29 = 2*o, 3*o - p*o = -4*u - 19. What are the prime factors of 36/15 + 9/o?
3
Let o = 2 + 2. Let r be (-2)/o*(-4 + 2). List the prime factors of (-15)/(-6) + r/2.
3
Suppose 203 - 63 = 5*x - 4*s, -79 = -2*x - 3*s. Let w = 24 - 14. Suppose -2*i = 4*f - x, -w = f - 3*f. What are the prime factors of i?
2, 3
Let d(o) = -o**2 - 8*o + 6. List the prime factors of d(-4).
2, 11
Let s = -26 + 225. List the prime factors of s.
199
Suppose -3*r - 26 = -4*s, 3*s - 3 = -5*r + 2. Suppose -66 - 129 = -s*x. What are the prime factors of x?
3, 13
Suppose 0 = 4*j - b - 4 - 4, 0 = 3*b. Suppose -j*w + 16 = t, t - w = 1 - 0. What are the prime factors of t?
2, 3
List the prime factors of (-33)/(-3) + 2 + 2.
3, 5
Suppose -2*k + 20 = 3*k. Suppose k*g - 29 = -y - 4*y, -4*y = -4*g - 52. List the prime factors of y.
3
Let o = 0 + 0. Suppose o*x - 90 = -3*x. Suppose j = -m, x = 2*j - 5*m + m. List the prime factors of j.
5
List the prime factors of -3 + -2 + 5*2.
5
Let f = 5 + -3. Let l(n) = 3 + n**2 + 4*n**f - n**2 - n**3 - 3*n + 0*n**3. What are the prime factors of l(2)?
5
Suppose -15 = 3*k - 8*k. Suppose r - 7 = -k. List the prime factors of r.
2
Let x = 11 - -33. What are the prime factors of x?
2, 11
Let v(b) = b**3 + 2*b**2 - 4*b + 4. Let s(l) = l**3 - l**2 + l - 1. Let f(g) = 3*s(g) + v(g). Let c be f(1). What are the prime factors of 3/((c + -5)/(-2))?
3
Let h(k) = -4*k**3 - k**2 + 4*k + 3. What are the prime factors of h(-2)?
23
Suppose -3*q = 12 - 3. Let y = q + 20. What are the prime factors of y?
17
What are the prime factors of (-24)/(((-40)/12)/5)?
2, 3
Let m be (14/6 - 2)*3. List the prime factors of (3 + -2)/m*9.
3
Let p(c) = -c**2 - 2*c. Let u be p(-2). Let y = -4 - u. List the prime factors of 14/6 - y/(-12).
2
Suppose 199 = 9*w - 1169. What are the prime factors of w?
2, 19
Let k = -12 - -14. Let z be 2*-1*(-3)/2. Suppose 5*b = -k*i + 35, 3*i - 3 = -z*b + 36. What are the prime factors of i?
2, 5
Suppose 4*z - 24 = -0*z. Suppose g = 16 - z. List the prime factors of ((-34)/4)/((-5)/g).
17
Suppose 3*k - c = -4, 0*c - 2*c = -8. Let b be 54/15*15/6. Suppose 3*i - b - 6 = k. List the prime factors of i.
5
Let x = 279 - 111. List the prime factors of x.
2, 3, 7
Let c = 68 + -54. List the prime factors of c.
2, 7
What are the prime factors of (-11)/(1 + 12/(-10))?
5, 11
Let s = 5 - 1. Let c(q) = q**3 - 2*q**2 + q - 4. Let z be c(3). Suppose s*x - 12 = -2*f, 3*f = 5*x - 1 + z. What are the prime factors of f?
2
Let b be -1 + (-2 - -2*1). Let u(k) = -5*k - 1. Let d be u(b). Suppose -d = -2*s + 4. What are the prime factors of s?
2
Let c be (-3)/(-6) + (-2)/4. Suppose c = 2*r - j - 15, 0 = -5*r + r + 3*j + 35. Suppose 0*y = r*y - 20. What are the prime factors of y?
2
Suppose -3 = 3*q - 12. Suppose -2*c - h + 39 = 0, 2*c + 5*h - 38 + q = 0. Suppose -4*g + 0*v + v = -c, g + 5*v = 5. What are the prime factors of g?
5
List the prime factors of (-4)/(-16) + 8120/32.
2, 127
Let f = -210 - -409. What are the prime factors of f?
199
Suppose -4*b + 150 = b. Suppose 2*t = -2*q + b + 32, -q - 185 = -5*t. List the prime factors of t.
2, 3
Suppose 7*f = 2*f - x + 13, 2*x = -2*f + 10. Suppose -f*s + 120 = 3*s. List the prime factors of s.
2, 3
Let y = 19 + -14. What are the prime factors of y?
5
Let l = -47 - -110. List the prime factors of l.
3, 7
Let s = -9 - -19. Let i = -6 + s. Suppose i*q = 2*q + 16. List the prime factors of q.
2
Let y be -6 - (-2*1)/2. Let a(u) be the second derivative of u**5/20 + 5*u**4/12 + 5*u**2/2 + 8*u. List the prime factors of a(y).
5
Suppose -30 = -0*y - 2*y. List the prime factors of (y/(-6) - -2)*-16.
2
Let s(k) be the third derivative of k**5/30 - k**4/12 - k**3/6 - k**2. Let j(o) = -o**3 + o + 2. Let a be j(0). What are the prime factors of s(a)?
3
Suppose o + 3*m + 4 = 0, 7 = -5*o + 2*m + 21. What are the prime factors of (0 - 2)*(-17)/o?
17
List the prime factors of (28/(-32)*-6)/((-5)/(-140)).
3, 7
Suppose 6*j = 3*j + 240. Let z = j + -50. Let v = z + -18. List the prime factors of v.
2, 3
Let s = -284 + 472. List the prime factors of s.
2, 47
Let s(k) = 2*k + 1. Let c be s(1). Suppose c*t = 5*t. Suppose -4*x + 0*x + y + 61 = t, -4*x + 55 = 5*y. What are the prime factors of x?
3, 5
Suppose 24 = -3*t + 2*f, -8 - 4 = -4*f. Let s = t - -10. Suppose s*d = 8 + 28. List the prime factors of d.
3
Let g = -114 - -58. Let a = g - -86. What are the prime factors of a?
2, 3, 5
Suppose 18 = -5*z - 27. Let r be 3/(3/z*-3). Suppose r*i = w - 13, -w + 3*i = 4*w - 65. What are the prime factors of w?
13
Let j(p) = p**2 + 15*p - 23. What are the prime factors of j(-25)?
227
Let w be -2 - 1*(2 + -3). Let q be (w + (-8)/2)/(-1). Suppose -5*c = -c - q*z - 41, 4*c = -5*z + 31. What are the prime factors of c?
3
Let l(z) = -3*z**2 + 3*z + 3. Let a be l(4). Let f be 2*a/(-6) + -3. Let m = f + -1. What are the prime factors of m?
7
Let w = -17 - -2. Let p = w - -29. List the prime factors of p.
2, 7
Let r(w) = w**3 + 10*w**2 + w. Let g be r(-10). Let p = g + 24. List the prime factors of p.
2, 7
Let c(f) = f**3 - 5*f**2 - 6*f + 7. Suppose 0 = 3*s + 9 - 27. Let k be c(s). Suppose 12 = -3*r, q + 2*q + 5*r = k. What are the prime factors of q?
3
Let u(x) = -2*x + 1. Let f be u(-1). Suppose f + 27 = 3*l. List the prime factors of l.
2, 5
Suppose i = 5*l + 4, 9*i - 20 = 4*i - 2*l. Suppose i*w + 3 + 1 = 0. What are the prime factors of (-2)/((2/4)/w)?
2
Let s = 131 + -122. What are the prime factors of s?
3
Suppose -2*z - 358 = -2*d, 4*d - 5*z + 330 = 6*d. What are the prime factors of d?
5, 7
What are the prime factors of 138 - (40/32 - 1/4)?
137
What are the prime factors of (-2)/8 - (6 - 171/12)?
2
Let v(u) be the second derivative of u**3/3 + 7*u**2/2 + 2*u. Let n be v(-5). What are the prime factors of 4/n*(-6)/4?
2
Let c(s) = s + 3. Suppose 0 = 3*o - 7 - 11. What are the prime factors of c(o)?
3
Let t(u) = -7*u - 6. What are the prime factors of t(-9)?
3, 19
Let v(n) = n**3 - 5*n**2 + 6. Let t be 12/4 - (-3 - -1). List the prime factors of v(t).
2, 3
Let r be (-204)/(-60) - 4/10. Suppose -3*n + 2*s - 3 = 0, -3*s + 4 = 2*n + 6. What are the prime factors of r/(-